ds digit of 981227?
1
What is the thousands digit of 146974?
6
What is the ten millions digit of 23003343?
2
What is the thousands digit of 7450698?
0
What is the units digit of 1651857?
7
What is the hundreds digit of 55957?
9
What is the tens digit of 109901?
0
What is the ten thousands digit of 63206?
6
What is the ten thousands digit of 1596063?
9
What is the tens digit of 161285?
8
What is the millions digit of 6519465?
6
What is the thousands digit of 14942138?
2
What is the hundred thousands digit of 5085003?
0
What is the units digit of 372876?
6
What is the tens digit of 878141?
4
What is the thousands digit of 44623?
4
What is the tens digit of 186182?
8
What is the units digit of 6855386?
6
What is the units digit of 28376?
6
What is the hundred thousands digit of 5268252?
2
What is the ten thousands digit of 2241988?
4
What is the ten thousands digit of 7727734?
2
What is the thousands digit of 15606?
5
What is the hundred thousands digit of 929783?
9
What is the ten thousands digit of 418518?
1
What is the hundred thousands digit of 888386?
8
What is the hundreds digit of 315015?
0
What is the hundreds digit of 16957851?
8
What is the units digit of 839294?
4
What is the tens digit of 5672734?
3
What is the hundred thousands digit of 18099628?
0
What is the tens digit of 783811?
1
What is the hundreds digit of 21242738?
7
What is the tens digit of 339894?
9
What is the thousands digit of 5024206?
4
What is the hundreds digit of 512077?
0
What is the hundreds digit of 529395?
3
What is the millions digit of 11931209?
1
What is the hundreds digit of 5214706?
7
What is the units digit of 430839?
9
What is the thousands digit of 8625924?
5
What is the thousands digit of 258653?
8
What is the ten thousands digit of 300385?
0
What is the hundreds digit of 16043420?
4
What is the hundred thousands digit of 36774680?
7
What is the units digit of 8313843?
3
What is the hundreds digit of 210316?
3
What is the hundred thousands digit of 165273?
1
What is the units digit of 12401190?
0
What is the ten thousands digit of 47324?
4
What is the units digit of 7427019?
9
What is the ten thousands digit of 4171665?
7
What is the units digit of 228824?
4
What is the ten thousands digit of 633128?
3
What is the hundreds digit of 192793?
7
What is the hundred thousands digit of 19405895?
4
What is the ten thousands digit of 3671840?
7
What is the hundreds digit of 229093?
0
What is the units digit of 452497?
7
What is the hundreds digit of 2879016?
0
What is the units digit of 538725?
5
What is the thousands digit of 159059?
9
What is the ten thousands digit of 10908042?
0
What is the thousands digit of 24317?
4
What is the hundred thousands digit of 139746?
1
What is the hundreds digit of 3010192?
1
What is the tens digit of 898853?
5
What is the tens digit of 63672?
7
What is the hundreds digit of 476447?
4
What is the hundred thousands digit of 146154?
1
What is the thousands digit of 353628?
3
What is the ten thousands digit of 295622?
9
What is the hundred thousands digit of 8191125?
1
What is the units digit of 1805745?
5
What is the ten thousands digit of 178904?
7
What is the tens digit of 8459791?
9
What is the hundred thousands digit of 1312198?
3
What is the tens digit of 10958930?
3
What is the thousands digit of 3380760?
0
What is the units digit of 2482?
2
What is the tens digit of 2325637?
3
What is the ten thousands digit of 568115?
6
What is the ten thousands digit of 330229?
3
What is the tens digit of 3712253?
5
What is the millions digit of 1065496?
1
What is the thousands digit of 3370327?
0
What is the tens digit of 314451?
5
What is the thousands digit of 70503?
0
What is the thousands digit of 25717747?
7
What is the hundred thousands digit of 1301286?
3
What is the hundred thousands digit of 2937194?
9
What is the hundreds digit of 234811?
8
What is the units digit of 9279780?
0
What is the ten millions digit of 12014710?
1
What is the tens digit of 137671?
7
What is the thousands digit of 354727?
4
What is the ten thousands digit of 1748280?
4
What is the ten thousands digit of 4229700?
2
What is the ten thousands digit of 143273?
4
What is the tens digit of 156860?
6
What is the ten thousands digit of 282177?
8
What is the thousands digit of 333447?
3
What is the tens digit of 1411516?
1
What is the hundreds digit of 187271?
2
What is the hundreds digit of 368823?
8
What is the tens digit of 1682742?
4
What is the units digit of 366012?
2
What is the tens digit of 1365814?
1
What is the hundred thousands digit of 1002174?
0
What is the hundred thousands digit of 3425611?
4
What is the ten thousands digit of 1664975?
6
What is the thousands digit of 196390?
6
What is the units digit of 73326?
6
What is the tens digit of 24347?
4
What is the tens digit of 1263091?
9
What is the hundreds digit of 2999560?
5
What is the tens digit of 4387?
8
What is the thousands digit of 17372000?
2
What is the tens digit of 408177?
7
What is the units digit of 467009?
9
What is the tens digit of 643074?
7
What is the units digit of 33262?
2
What is the thousands digit of 330244?
0
What is the units digit of 277803?
3
What is the hundreds digit of 21291509?
5
What is the thousands digit of 228078?
8
What is the millions digit of 2934232?
2
What is the ten thousands digit of 3674056?
7
What is the tens digit of 4274089?
8
What is the ten thousands digit of 251826?
5
What is the ten thousands digit of 2899897?
9
What is the ten thousands digit of 1437001?
3
What is the millions digit of 6758299?
6
What is the hundreds digit of 22631405?
4
What is the hundreds digit of 10101684?
6
What is the hundreds digit of 3491573?
5
What is the units digit of 96884?
4
What is the hundreds digit of 1061816?
8
What is the tens digit of 179261?
6
What is the thousands digit of 1034718?
4
What is the ten thousands digit of 1357125?
5
What is the hundred thousands digit of 11908828?
9
What is the tens digit of 1062913?
1
What is the hundreds digit of 82945?
9
What is the hundred thousands digit of 2934668?
9
What is the units digit of 2491395?
5
What is the units digit of 9657253?
3
What is the thousands digit of 252442?
2
What is the ten thousands digit of 492616?
9
What is the units digit of 123766?
6
What is the hundreds digit of 54607?
6
What is the units digit of 30280?
0
What is the tens digit of 437276?
7
What is the units digit of 109900?
0
What is the thousands digit of 387425?
7
What is the ten thousands digit of 352704?
5
What is the units digit of 485609?
9
What is the ten thousands digit of 14476260?
7
What is the tens digit of 145924?
2
What is the units digit of 287549?
9
What is the units digit of 13760668?
8
What is the thousands digit of 18391?
8
What is the tens digit of 2014343?
4
What is the thousands digit of 399606?
9
What is the hundreds digit of 143716?
7
What is the units digit of 78?
8
What is the hundreds digit of 79031?
0
What is the thousands digit of 5574689?
4
What is the tens digit of 643945?
4
What is the thousands digit of 142953?
2
What is the millions digit of 15272332?
5
What is the units digit of 102237?
7
What is the tens digit of 35737?
3
What is the ten thousands digit of 232380?
3
What is the ten millions digit of 17004036?
1
What is the units digit of 7405540?
0
What is the hundred thousands digit of 1412147?
4
What is the hundreds digit of 1094890?
8
What is the hundred thousands digit of 7785175?
7
What is the ten thousands digit of 25076227?
7
What is the ten thousands digit of 421085?
2
What is the hundreds digit of 822895?
8
What is the millions digit of 1628585?
1
What is the hundreds digit of 2926510?
5
What is the tens digit of 140247?
4
What is the ten thousands digit of 75571?
7
What is the tens digit of 1099047?
4
What is the tens digit of 1235618?
1
What is the units digit of 254338?
8
What is the ten thousands digit of 673039?
7
What is the units digit of 451695?
5
What is the hundreds digit of 557912?
9
What is the tens digit of 2645810?
1
What is the ten thousands digit of 231124?
3
What is the units digit of 1963104?
4
What is the units digit of 363407?
7
What is the ten thousands digit of 3225195?
2
What is the tens digit of 1240022?
2
What is the tens digit of 118731?
3
What is the tens digit of 49